en z(x) is divided by 9.
7
Let d(c) = -4*c - 2*c - 7*c + 6 + 16*c. Suppose 0 = -7*l + 90 + 92. What is the remainder when d(15) is divided by l?
25
Suppose -5*j - 3831 = -2*w, 0 = -4*j + 694 - 674. Calculate the remainder when w is divided by 6.
2
Suppose -67*q = 75*q - 551 - 5555. Calculate the remainder when 4337 is divided by q.
37
Suppose 2*g - 13*g = 440. Calculate the remainder when 20 is divided by g/(-32) - (-9)/12.
0
Let y = -3955 + 3980. Let u(x) = x - 3. Let b(t) = 3*t - 6. Let j(c) = 3*b(c) - 5*u(c). What is the remainder when y is divided by j(4)?
12
Suppose 0 = a + 5*p - 794, -16*p + 3*p - 4122 = -5*a. Calculate the remainder when a is divided by 378.
58
Suppose 7*t - 3*l - 201 = 2*t, -99 = -2*t - 5*l. Calculate the remainder when t is divided by 15.
12
Suppose -3*k + 0*s - 4*s + 9281 = 0, 0 = -k + 4*s + 3067. Calculate the remainder when k/54 - (-2)/(-12) is divided by 33.
24
Suppose 0 = 2039*u - 2044*u + 1435. What is the remainder when u is divided by 56?
7
Let b(y) = 10*y**2 - 5*y + 22. Let i be b(-8). Suppose 7*t - 20*t = -i. Calculate the remainder when t is divided by 20.
14
Let y(q) = 2*q**2 + 8*q + 4. Suppose 2*x = -3*v + 52, 4*v + 3*x - 30 = 39. What is the remainder when y(-8) is divided by v?
14
Suppose g - 36 = -34, g = 4*w - 5814. What is the remainder when w is divided by 19?
10
Let q(r) = 17*r - 34*r - 4 + 15*r + 2. Let f be q(-6). Suppose 0 = 5*z - f*z + 80. What is the remainder when 47 is divided by z?
15
Suppose r + 5*t - 101 = 49, -3*r = 5*t - 450. Let p = r + -143. Let j(z) = -z**3 + 6*z**2 - 2*z - 5. What is the remainder when j(4) is divided by p?
5
Let j = -177 - -79. Calculate the remainder when 45 is divided by 6/(-14) - 1414/j.
3
Let c(o) = -o**3 + 10*o**2 - 69*o + 893. What is the remainder when 6600 is divided by c(11)?
9
Let s be 168/(2 - 130/68). Suppose -19*h + 11*h = -s. What is the remainder when h is divided by 12?
10
Let k = -137 - -145. What is the remainder when 213 is divided by k/16*(0 - -43)*2?
41
Let i(q) = 18*q**3 - 43*q**2 - 8*q - 7. What is the remainder when i(8) is divided by 39?
36
Let b(r) = -r**3 + 15*r**2 - 11*r + 62. Calculate the remainder when 904 is divided by b(10).
0
Let q = 371 - -704. Suppose -1056 = -q*w + 1067*w. Calculate the remainder when w is divided by 9.
6
Suppose 45*u = 24*u - 14721. Let a = u + 738. What is the remainder when a is divided by 13?
11
Suppose -4*i + 8 + 28 = 0. Let h be (-1)/((-18)/(-40)) - (-12)/54. What is the remainder when ((-4)/(-8))/(h/(-168)) is divided by i?
6
Let g(r) = 4*r**3 + 21*r - 12*r**2 + 3 + 0*r**3 - 25*r. Calculate the remainder when g(6) is divided by 46.
43
Let l(s) = -2*s**2 - 1. Let g(u) = -7*u**2 + 10*u + 20. Let k(r) = g(r) - 4*l(r). What is the remainder when 112 is divided by k(-11)?
7
Suppose 3*w - 11 = 37. Let v(b) = 2*b**2 - 34*b + 175. Calculate the remainder when v(6) is divided by w.
11
Suppose -52 = -6*b + 2*b. Suppose -2*t + 67 = -153. Let r = t - 61. Calculate the remainder when r is divided by b.
10
Suppose 33 = 4*r + 17. Suppose -6*t + 23 = -2*t - 3*a, -r*t = 3*a - 41. What is the remainder when 86 is divided by t?
6
Let b = 545 - 541. Let t(l) = -l**3 - 3*l**2 + 3*l + 5. What is the remainder when t(-4) is divided by b?
1
Suppose -2*s - 6*l = -712, 0*s - 2*s - 4*l + 706 = 0. What is the remainder when s is divided by 22?
17
Let s(q) = -q**3 + 5*q**2 - 6*q - 13. Let n be s(4). What is the remainder when (1 - 2)/((12 + n)/3303) is divided by 37?
34
Let k be (0 - -3) + 0 + -1. Let r(y) = 11*y**2 - y**3 - 8 - 278*y + 8*y**k + 261*y. What is the remainder when 27 is divided by r(18)?
7
Let g(a) = 7*a**3 + 5*a**2 + 6*a - 24. Let b be g(3). Let s = b - 179. What is the remainder when s is divided by 13?
10
Let n(q) = -15*q**3 - 65*q**2 + 15*q + 26. Calculate the remainder when n(-8) is divided by 35.
31
Suppose 37 = 44*g - 1283. Calculate the remainder when 84 is divided by g.
24
Let d be (48 + 33)*(-32)/(-6). Let n = -404 + d. What is the remainder when 166 is divided by n?
26
Let h(p) = -17*p - 20. Let c(x) = -18*x - 19. Let o be (1*-5)/(12 - 11). Let b(v) = o*h(v) + 6*c(v). What is the remainder when b(-4) is divided by 16?
14
Suppose -7*f + 3*f = 3*f. Suppose b - h - 60 = -f, 4*h = -b + 60. Let a = b - 42. Calculate the remainder when a is divided by 3.
0
Let n be (-84)/16 + 3/12. Let m(y) = 563*y**2 + 558*y**2 - 10 - y**3 + 9*y + 33 - 1125*y**2. Calculate the remainder when 7 is divided by m(n).
1
Let j(y) = y**2 - 3*y + 9. Let r be j(-7). Suppose 0 = -w - k + 2*k + 16, -k = 4*w - 84. Calculate the remainder when (4/(-4))/((-1)/r) is divided by w.
19
Let m be 3 + (-12)/(-8)*(17738 - -8). Suppose 15*s = 44*s - m. What is the remainder when s is divided by 46?
44
Let d(w) = -w**3 + 49*w**2 - 130*w + 333. What is the remainder when d(45) is divided by 24?
15
Suppose -9*j = -21*j - 12. Let i(n) = 5*n + 18. What is the remainder when 870 is divided by i(j)?
12
Suppose -5*b + 1085 = 5*d, 0 = -30*b + 34*b + 3*d - 869. Calculate the remainder when 864 is divided by b.
210
Suppose 5*b - 1185 = 3525. Suppose -159 + b = 9*t. Suppose 2*s - 5*q - t = 28, s = -q + 75. Calculate the remainder when s is divided by 26.
18
Let l(v) = 9*v**2 - 20*v - 12. Let g(u) = 20*u**2 - 40*u - 24. Let z(a) = 4*g(a) - 9*l(a). Calculate the remainder when 64 is divided by z(20).
4
What is the remainder when 928 - (-9 + -2 + (-59 - -69)) is divided by 7?
5
Suppose 2*w - 17 = -w - 2*l, 4*w - 32 = 2*l. Suppose 95 = 3*x - w. What is the remainder when x is divided by 9?
7
Let s(k) = 6*k**2 + 86*k + 283. Suppose 0 = -2*m - m + 60. What is the remainder when s(-4) is divided by m?
15
Let r = -8 + 22. Suppose -679*m - 274 = -2228*m + 5922. What is the remainder when r is divided by m?
2
Let y = -1749 - -2137. Calculate the remainder when 891 is divided by y.
115
Suppose -37 = -3*c + 3*s + 53, -5*s = 4*c - 129. Let w be (2 + 2 + -2)/1. Suppose 0 = -5*h + w*h + 36. What is the remainder when c is divided by h?
7
Let g(w) = 3*w**2 - 5*w - 6. Suppose -14 = 5*x + 11. Let t(d) = d**2 + 22*d - 85. What is the remainder when g(x) is divided by t(-26)?
18
Calculate the remainder when 4938 is divided by 125/1250 - (-449)/10.
33
Suppose 2*c - 6*c + 136 = 0. Suppose -4*x + c = -106. Suppose 2*h - 12 - 12 = 0. Calculate the remainder when x is divided by h.
11
Suppose -x = -3*a, 5*a - 89 - 31 = -5*x. What is the remainder when 2499 is divided by x?
15
Let h(c) = -1501*c + 1699. What is the remainder when h(0) is divided by 244?
235
Let k = 24528 + -13479. What is the remainder when k is divided by 34?
33
Suppose -2*h + 7*h + 3*u = 235, -2*u = 0. What is the remainder when 95 is divided by h?
1
Let z(q) = 109*q - 2256. Suppose 6*a = 2*a + 380. What is the remainder when a is divided by z(21)?
29
Let t be 1*-1 - (160/10)/(-16). Suppose t = 45*s - 54*s + 99. Calculate the remainder when 30 is divided by s.
8
Let v be (-4 - 22/(-4))*86. Let p = v - 102. What is the remainder when 73 is divided by p?
19
Suppose 4*a + a = -3*w + 93, a = 3. Let j = -224 - -227. Suppose -2*t = -j*x - 28, 5*x - 14 = 4*t - 66. Calculate the remainder when w is divided by t.
2
Suppose -6*o = -19*o + 5564. What is the remainder when o is divided by 137?
17
Suppose 0 = 3*x - 6, 4*x - 83 = -6*b + b. Let l(y) = -3 + 0 - y**2 - 10 + 2*y + 6*y**2 - y**2. What is the remainder when l(-6) is divided by b?
14
Suppose -l - 2*v = 39, -5*l - 2*v = 2*v + 195. Let d = l + 25. Calculate the remainder when 44 is divided by (-35)/d*((-12)/(-1))/2.
14
Let d = -17 + 28. What is the remainder when d is divided by (-4 - 10)*2/(-4)?
4
What is the remainder when 1192 is divided by (-1776)/(-64) - (-1)/(8/10)?
3
Suppose 2*w = -w - 5*q + 71, 0 = 3*w + q - 67. What is the remainder when 10472/833 - 8/14 - -317 is divided by w?
21
Suppose 3*v - 2383 = -4*d + 8*d, -5*d - 2387 = -3*v. Let f = v - 762. Calculate the remainder when f is divided by 6.
3
Suppose 0 = -2*n + 4*n - 172. Let b be 6/(6/5) - (20 + -7). What is the remainder when n is divided by (-12 - b) + 0 + 33?
28
Suppose -b + 5*u = -90, -44*u = -48*u + 8. Calculate the remainder when 498 is divided by b.
98
Calculate the remainder when (1440/320)/(9/92) is divided by 26.
20
Let n = 4 - -7. Let y(v) = 295*v - 20 - 294*v + 27. What is the remainder when 33